{"id":3531,"date":"2016-08-05T16:24:12","date_gmt":"2016-08-05T19:24:12","guid":{"rendered":"https:\/\/pledu.com.ar\/sitio\/?page_id=3531"},"modified":"2016-10-14T19:56:19","modified_gmt":"2016-10-14T22:56:19","slug":"jorgechemes","status":"publish","type":"page","link":"https:\/\/pledu.com.ar\/sitio\/jorgechemes\/","title":{"rendered":"Jorge Chemes"},"content":{"rendered":"<p>[vc_row content_width=\u00bbgrid\u00bb content_aligment=\u00bbcenter\u00bb css=\u00bb.vc_custom_1470450631557{padding-top: 40px !important;padding-bottom: 5px !important;}\u00bb][vc_column offset=\u00bbvc_col-lg-5 vc_col-md-12&#8243;][vc_empty_space height=\u00bb4px\u00bb][vc_single_image image=\u00bb5001&#8243; img_size=\u00bbfull\u00bb][vc_empty_space height=\u00bb40px\u00bb][\/vc_column][vc_column offset=\u00bbvc_col-lg-7 vc_col-md-12&#8243;][vc_empty_space height=\u00bb50&#8243;][vc_column_text]<\/p>\n<h2>Jorge Chemes<\/h2>\n<p>[\/vc_column_text][vc_empty_space height=\u00bb25px\u00bb][vc_column_text]<\/p>\n<h4 style=\"text-align: justify;\">Ingeniero Electricista. Docente de la c\u00e1tedra Fuentes no Convencionales de Energ\u00eda (UTN \u2013 FRRO). Integrante del Observatorio de Energ\u00eda y Sustentabilidad (OES &#8211; UTN \u2013 FRRO). Miembro del equipo de energ\u00eda y tecnolog\u00edas apropiadas en CIDEP.\u00a0Consultor en proyectos de Uni\u00f3n Europea. Director de Proyectos en la consultora Enervida, Ingenier\u00eda para una vida sustentable. \u00a0Ha desarrollado experiencia en el dise\u00f1o de sistemas ambientales sustentables y dictando cursos sobre energ\u00edas en diversos \u00e1mbitos.<\/h4>\n<p>[\/vc_column_text][vc_empty_space height=\u00bb40&#8243;]<a href=\"http:\/\/www.linkedin.com\/in\/jorgechemes\" target=\"_self\" style=\"color: #1e73be;border-color: #1e73be\" class=\"qodef-btn qodef-btn-medium qodef-btn-outline qodef-btn-icon\"  >\n        <span class=\"qodef-btn-text\">ver curriculum<\/span>\n    <span class=\"qodef-btn-text-icon\"><i class=\"qodef-icon-simple-line-icon icon-social-linkedin \" ><\/i><\/span>\n<\/a>[\/vc_column][\/vc_row][vc_row css=\u00bb.vc_custom_1446112126198{padding-top: 41px !important;padding-bottom: 28px !important;background-image: url(http:\/\/startit.select-themes.com\/wp-content\/uploads\/2015\/10\/About-me-Background-2.jpg?id=342) !important;background-position: center !important;background-repeat: no-repeat !important;background-size: cover !important;}\u00bb][vc_column]\r\n\r\n\t<div class=\"qodef-call-to-action normal\">\r\n\r\n\t\t\t\t<div class=\"qodef-container-inner\">\r\n\t\t\t\t\t<div class=\"qodef-call-to-action-row-75-25 clearfix\" style=\"padding: 20px;\">\r\n\t\t\r\n\t\t\t\t<div class=\"qodef-text-wrapper qodef-call-to-action-column1 qodef-call-to-action-cell\">\r\n\r\n\t\t\t\t\r\n\t\t\t\t\t<div class=\"qodef-call-to-action-text\" >\r\n\t\t\t\t\t\t<\/p>\n<h4><span style=\"color: #212121;\">Comunicate con el docente por cualquier duda particular que tengas sobre temas espec\u00edficos.<\/span><\/h4>\n<p>\t\t\t\t\t<\/div>\r\n\r\n\t\t\t\t<\/div>\r\n\r\n\t\t\t\t\r\n\t\t\t\t\t<div class=\"qodef-button-wrapper qodef-call-to-action-column2 qodef-call-to-action-cell\" style =\"text-align: right ;\">\r\n\r\n\t\t\t\t\t\t<a href=\"#\" target=\"_self\"  class=\"qodef-btn qodef-btn-medium qodef-btn-solid qodef-btn-icon\"  >        <span class=\"qodef-btn-text\">Contactar<\/span>    <span class=\"qodef-btn-text-icon\"><i class=\"qodef-icon-simple-line-icon icon-envelope \" ><\/i><\/span><\/a>\r\n\t\t\t\t\t<\/div>\r\n\r\n\t\t\t\t\r\n\t\t\t<\/div>\r\n\r\n\t\t\t\t<\/div>\r\n\t\t\r\n\t<\/div>\r\n\r\n[\/vc_column][\/vc_row]<\/p>\n","protected":false},"excerpt":{"rendered":"<p>[vc_row content_width=\u00bbgrid\u00bb content_aligment=\u00bbcenter\u00bb css=\u00bb.vc_custom_1470450631557{padding-top: 40px !important;padding-bottom: 5px !important;}\u00bb][vc_column offset=\u00bbvc_col-lg-5 vc_col-md-12&#8243;][vc_empty_space height=\u00bb4px\u00bb][vc_single_image image=\u00bb5001&#8243; img_size=\u00bbfull\u00bb][vc_empty_space height=\u00bb40px\u00bb][\/vc_column][vc_column offset=\u00bbvc_col-lg-7 vc_col-md-12&#8243;][vc_empty_space height=\u00bb50&#8243;][vc_column_text] Jorge Chemes [\/vc_column_text][vc_empty_space height=\u00bb25px\u00bb][vc_column_text] Ingeniero Electricista. Docente de la c\u00e1tedra Fuentes no Convencionales de Energ\u00eda (UTN \u2013 FRRO). Integrante del Observatorio de Energ\u00eda y Sustentabilidad (OES &#8211; UTN&#8230;<\/p>\n","protected":false},"author":3,"featured_media":0,"parent":0,"menu_order":0,"comment_status":"closed","ping_status":"closed","template":"full-width.php","meta":{"footnotes":""},"class_list":["post-3531","page","type-page","status-publish","hentry"],"aioseo_notices":[],"_links":{"self":[{"href":"https:\/\/pledu.com.ar\/sitio\/wp-json\/wp\/v2\/pages\/3531","targetHints":{"allow":["GET"]}}],"collection":[{"href":"https:\/\/pledu.com.ar\/sitio\/wp-json\/wp\/v2\/pages"}],"about":[{"href":"https:\/\/pledu.com.ar\/sitio\/wp-json\/wp\/v2\/types\/page"}],"author":[{"embeddable":true,"href":"https:\/\/pledu.com.ar\/sitio\/wp-json\/wp\/v2\/users\/3"}],"replies":[{"embeddable":true,"href":"https:\/\/pledu.com.ar\/sitio\/wp-json\/wp\/v2\/comments?post=3531"}],"version-history":[{"count":18,"href":"https:\/\/pledu.com.ar\/sitio\/wp-json\/wp\/v2\/pages\/3531\/revisions"}],"predecessor-version":[{"id":5009,"href":"https:\/\/pledu.com.ar\/sitio\/wp-json\/wp\/v2\/pages\/3531\/revisions\/5009"}],"wp:attachment":[{"href":"https:\/\/pledu.com.ar\/sitio\/wp-json\/wp\/v2\/media?parent=3531"}],"curies":[{"name":"wp","href":"https:\/\/api.w.org\/{rel}","templated":true}]}}

<p>[vc_row content_width=»grid» content_aligment=»center» css=».vc_custom_1470450631557{padding-top: 40px !important;padding-bottom: 5px !important;}»][vc_column offset=»vc_col-lg-5 vc_col-md-12&#8243;][vc_empty_space height=»4px»][vc_single_image image=»5001&#8243; img_size=»full»][vc_empty_space height=»40px»][/vc_column][vc_column offset=»vc_col-lg-7 vc_col-md-12&#8243;][vc_empty_space height=»50&#8243;][vc_column_text]</p>
<h2>Jorge Chemes</h2>
<p>[/vc_column_text][vc_empty_space height=»25px»][vc_column_text]</p>
<h4 style="text-align: justify;">Ingeniero Electricista. Docente de la cátedra Fuentes no Convencionales de Energía (UTN – FRRO). Integrante del Observatorio de Energía y Sustentabilidad (OES &#8211; UTN – FRRO). Miembro del equipo de energía y tecnologías apropiadas en CIDEP. Consultor en proyectos de Unión Europea. Director de Proyectos en la consultora Enervida, Ingeniería para una vida sustentable.  Ha desarrollado experiencia en el diseño de sistemas ambientales sustentables y dictando cursos sobre energías en diversos ámbitos.</h4>
<p>[/vc_column_text][vc_empty_space height=»40&#8243;]<a href="http://www.linkedin.com/in/jorgechemes" target="_self" style="color: #1e73be;border-color: #1e73be" class="qodef-btn qodef-btn-medium qodef-btn-outline qodef-btn-icon"  >
        <span class="qodef-btn-text">ver curriculum</span>
    <span class="qodef-btn-text-icon"><i class="qodef-icon-simple-line-icon icon-social-linkedin " ></i></span>
</a>[/vc_column][/vc_row][vc_row css=».vc_custom_1446112126198{padding-top: 41px !important;padding-bottom: 28px !important;background-image: url(http://startit.select-themes.com/wp-content/uploads/2015/10/About-me-Background-2.jpg?id=342) !important;background-position: center !important;background-repeat: no-repeat !important;background-size: cover !important;}»][vc_column]

	<div class="qodef-call-to-action normal">

				<div class="qodef-container-inner">
					<div class="qodef-call-to-action-row-75-25 clearfix" style="padding: 20px;">
		
				<div class="qodef-text-wrapper qodef-call-to-action-column1 qodef-call-to-action-cell">

				
					<div class="qodef-call-to-action-text" >
						</p>
<h4><span style="color: #212121;">Comunicate con el docente por cualquier duda particular que tengas sobre temas específicos.</span></h4>
<p>					</div>

				</div>

				
					<div class="qodef-button-wrapper qodef-call-to-action-column2 qodef-call-to-action-cell" style ="text-align: right ;">

						<a href="#" target="_self"  class="qodef-btn qodef-btn-medium qodef-btn-solid qodef-btn-icon"  >        <span class="qodef-btn-text">Contactar</span>    <span class="qodef-btn-text-icon"><i class="qodef-icon-simple-line-icon icon-envelope " ></i></span></a>
					</div>

				
			</div>

				</div>
		
	</div>

[/vc_column][/vc_row]</p>

<p>[vc_row content_width=»grid» content_aligment=»center» css=».vc_custom_1470450631557{padding-top: 40px !important;padding-bottom: 5px !important;}»][vc_column offset=»vc_col-lg-5 vc_col-md-12&#8243;][vc_empty_space height=»4px»][vc_single_image image=»5001&#8243; img_size=»full»][vc_empty_space height=»40px»][/vc_column][vc_column offset=»vc_col-lg-7 vc_col-md-12&#8243;][vc_empty_space height=»50&#8243;][vc_column_text] Jorge Chemes [/vc_column_text][vc_empty_space height=»25px»][vc_column_text] Ingeniero Electricista. Docente de la cátedra Fuentes no Convencionales de Energía (UTN – FRRO). Integrante del Observatorio de Energía y Sustentabilidad (OES &#8211; UTN&#8230;</p>
