{"id":4101,"date":"2016-08-17T19:04:39","date_gmt":"2016-08-17T22:04:39","guid":{"rendered":"https:\/\/pledu.com.ar\/sitio\/?page_id=4101"},"modified":"2016-10-14T12:22:48","modified_gmt":"2016-10-14T15:22:48","slug":"temario-detallado-ifv","status":"publish","type":"page","link":"https:\/\/pledu.com.ar\/sitio\/temario-detallado-ifv\/","title":{"rendered":"Temario Detallado IFV"},"content":{"rendered":"<p>[vc_row content_width=\u00bbgrid\u00bb content_aligment=\u00bbcenter\u00bb css=\u00bb.vc_custom_1446195467277{padding-top: 65px !important;padding-bottom: 15px !important;}\u00bb][vc_column offset=\u00bbvc_col-lg-offset-2 vc_col-lg-8&#8243;][vc_column_text]<\/p>\n<h2>Instalador de Sistemas Solares Fotovoltaicos<\/h2>\n<h3><\/h3>\n<p>[\/vc_column_text][vc_empty_space][vc_column_text]<\/p>\n<h3 style=\"text-align: center;\">Temario detallado<\/h3>\n<p>[\/vc_column_text][vc_empty_space height=\u00bb16&#8243;]<div class=\"qodef-separator-holder clearfix  qodef-separator-center qodef-separator-full-width\">\r\n\t<div class=\"qodef-separator\" style=\"border-width: 5px\"><\/div>\r\n<\/div>\r\n[vc_empty_space height=\u00bb16&#8243;][vc_column_text]<\/p>\n<p style=\"text-align: justify;\"><span style=\"color: #000000;\"><strong>1- Sistemas Fotovoltaicos<\/strong><\/span><\/p>\n<p style=\"text-align: justify;\">Usos de los sistemas fotovoltaicos. Partes constitutivas de un sistema fotovoltaico. Conexi\u00f3n de las partes. Conexiones serie-paralelo. Sistemas on-grid y off-grid. Estructura de soporte y anclaje.<\/p>\n<p>[\/vc_column_text][vc_empty_space][vc_column_text]<\/p>\n<p style=\"text-align: justify;\"><span style=\"color: #000000;\"><strong>2 &#8211; Acumulaci\u00f3n El\u00e9ctrica.<\/strong><\/span><\/p>\n<p style=\"text-align: left;\">Tipos de acumuladores. Caracter\u00edsticas principales. Comportamiento de la bater\u00eda de acumuladores en una instalaci\u00f3n fotovoltaica. Ciclos de carga-descarga de la bater\u00eda de acumuladores. Condiciones ambientales del banco de acumuladores.<\/p>\n<p>[\/vc_column_text][vc_empty_space][vc_column_text]<\/p>\n<p style=\"text-align: left;\"><span style=\"color: #000000;\"><strong>3 &#8211; Reguladores de Carga.<\/strong><\/span><\/p>\n<p style=\"text-align: left;\">Funci\u00f3n. Distintos tipos de reguladores de carga. Par\u00e1metros de operaci\u00f3n.<\/p>\n<p>[\/vc_column_text][vc_empty_space][vc_column_text]<\/p>\n<p style=\"text-align: left;\"><span style=\"color: #000000;\"><strong>4 &#8211; Inversos de tensi\u00f3n.<\/strong><\/span><\/p>\n<p style=\"text-align: left;\">Tecnolog\u00edas de inversores de tensi\u00f3n. Formas de onda. Influencia en la carga y en la red comercial. Funcionamiento del inversor. Par\u00e1metros del inversor. Configuraci\u00f3n manual y digital de inversores on-grid.<\/p>\n<p>[\/vc_column_text][vc_empty_space][vc_column_text]<\/p>\n<p style=\"text-align: left;\"><span style=\"color: #000000;\"><strong>5 &#8211; Protocolo de interconexi\u00f3n a red de EPE.<\/strong><\/span><\/p>\n<p style=\"text-align: left;\">Tipos de conexi\u00f3n, baja tensi\u00f3n, media tensi\u00f3n. Formularios de inscripci\u00f3n. Planes.<\/p>\n<p>[\/vc_column_text][vc_empty_space][vc_column_text]<\/p>\n<p style=\"text-align: left;\"><span style=\"color: #000000;\"><strong>6 &#8211; Electricidad y Seguridad El\u00e9ctrica.<\/strong><\/span><\/p>\n<p style=\"text-align: left;\">Conceptos fundamentales, ley de Ohm, leyes de Kirchhoff, potencia el\u00e9ctrica, energ\u00eda el\u00e9ctrica, el efecto Joule. Corriente continua y Corriente alterna. Transformaci\u00f3n de corriente. Niveles de tensi\u00f3n. Sistema Argentino de Interconexi\u00f3n, SADI. Impacto de la electricidad en el cuerpo humano, protecciones el\u00e9ctricas, 5 reglas de oro de la seguridad el\u00e9ctrica. Elementos de seguridad.<\/p>\n<p>[\/vc_column_text][vc_empty_space][vc_column_text]<\/p>\n<p style=\"text-align: left;\"><span style=\"color: #000000;\"><strong>7 &#8211; Conductores y protecciones el\u00e9ctricas.<\/strong><\/span><\/p>\n<p style=\"text-align: left;\">Resistencia de un conductor. Par\u00e1metros importantes. Ca\u00edda de tensi\u00f3n. Protecciones el\u00e9ctricas en sistemas fotovoltaicos, interruptor autom\u00e1tico (IA) termomagn\u00e9tico, IA diferencial, fusibles, puesta a tierra.<\/p>\n<p>[\/vc_column_text][vc_empty_space][\/vc_column][\/vc_row][vc_row content_width=\u00bbgrid\u00bb content_aligment=\u00bbcenter\u00bb][vc_column width=\u00bb1\/3&#8243;]<a href=\"https:\/\/pledu.com.ar\/sitio\/instalador-fotovoltaico\/\" target=\"_self\" style=\"color: #ff9933;border-color: #ff9933\" class=\"qodef-btn qodef-btn-large qodef-btn-default qodef-btn-icon\"  >\n        <span class=\"qodef-btn-text\">volver<\/span>\n    <span class=\"qodef-btn-text-icon\"><i class=\"qodef-icon-simple-line-icon icon-arrow-right-circle \" ><\/i><\/span>\n<\/a>[\/vc_column][vc_column width=\u00bb1\/3&#8243;]<a href=\"https:\/\/pledu.com.ar\/sitio\/consultas\/\" target=\"_self\" style=\"color: #ff9933;border-color: #ff9933\" class=\"qodef-btn qodef-btn-large qodef-btn-default qodef-btn-icon\"  >\n        <span class=\"qodef-btn-text\">consulta<\/span>\n    <span class=\"qodef-btn-text-icon\"><i class=\"qodef-icon-simple-line-icon icon-question \" ><\/i><\/span>\n<\/a>[\/vc_column][vc_column width=\u00bb1\/3&#8243;]<a href=\"#\" target=\"_self\" style=\"color: #ff9933;border-color: #ff9933\" class=\"qodef-btn qodef-btn-large qodef-btn-default qodef-btn-icon\"  >\n        <span class=\"qodef-btn-text\">inscribirse<\/span>\n    <span class=\"qodef-btn-text-icon\"><i class=\"qodef-icon-simple-line-icon icon-pencil \" ><\/i><\/span>\n<\/a>[\/vc_column][\/vc_row][vc_row][vc_column][vc_empty_space][\/vc_column][\/vc_row]<\/p>\n","protected":false},"excerpt":{"rendered":"<p>[vc_row content_width=\u00bbgrid\u00bb content_aligment=\u00bbcenter\u00bb css=\u00bb.vc_custom_1446195467277{padding-top: 65px !important;padding-bottom: 15px !important;}\u00bb][vc_column offset=\u00bbvc_col-lg-offset-2 vc_col-lg-8&#8243;][vc_column_text] Instalador de Sistemas Solares Fotovoltaicos [\/vc_column_text][vc_empty_space][vc_column_text] Temario detallado [\/vc_column_text][vc_empty_space height=\u00bb16&#8243;][vc_empty_space height=\u00bb16&#8243;][vc_column_text] 1- Sistemas Fotovoltaicos Usos de los sistemas fotovoltaicos. Partes constitutivas de un sistema fotovoltaico. Conexi\u00f3n de las partes. Conexiones serie-paralelo. Sistemas on-grid y off-grid&#8230;.<\/p>\n","protected":false},"author":3,"featured_media":0,"parent":0,"menu_order":0,"comment_status":"closed","ping_status":"closed","template":"full-width.php","meta":{"footnotes":""},"class_list":["post-4101","page","type-page","status-publish","hentry"],"aioseo_notices":[],"_links":{"self":[{"href":"https:\/\/pledu.com.ar\/sitio\/wp-json\/wp\/v2\/pages\/4101","targetHints":{"allow":["GET"]}}],"collection":[{"href":"https:\/\/pledu.com.ar\/sitio\/wp-json\/wp\/v2\/pages"}],"about":[{"href":"https:\/\/pledu.com.ar\/sitio\/wp-json\/wp\/v2\/types\/page"}],"author":[{"embeddable":true,"href":"https:\/\/pledu.com.ar\/sitio\/wp-json\/wp\/v2\/users\/3"}],"replies":[{"embeddable":true,"href":"https:\/\/pledu.com.ar\/sitio\/wp-json\/wp\/v2\/comments?post=4101"}],"version-history":[{"count":9,"href":"https:\/\/pledu.com.ar\/sitio\/wp-json\/wp\/v2\/pages\/4101\/revisions"}],"predecessor-version":[{"id":4929,"href":"https:\/\/pledu.com.ar\/sitio\/wp-json\/wp\/v2\/pages\/4101\/revisions\/4929"}],"wp:attachment":[{"href":"https:\/\/pledu.com.ar\/sitio\/wp-json\/wp\/v2\/media?parent=4101"}],"curies":[{"name":"wp","href":"https:\/\/api.w.org\/{rel}","templated":true}]}}