{"id":4573,"date":"2016-09-24T17:55:09","date_gmt":"2016-09-24T20:55:09","guid":{"rendered":"https:\/\/pledu.com.ar\/sitio\/?page_id=4573"},"modified":"2017-06-08T13:50:01","modified_gmt":"2017-06-08T16:50:01","slug":"suscripcion","status":"publish","type":"page","link":"https:\/\/pledu.com.ar\/sitio\/suscripcion\/","title":{"rendered":"Suscripci\u00f3n"},"content":{"rendered":"<p>[vc_row content_width=\u00bbgrid\u00bb content_aligment=\u00bbcenter\u00bb css=\u00bb.vc_custom_1445509827249{padding-top: 57px !important;padding-bottom: 66px !important;}\u00bb][vc_column][vc_empty_space height=\u00bb20px\u00bb][vc_column_text css=\u00bb.vc_custom_1489593282340{padding-right: 16% !important;padding-left: 16% !important;}\u00bb]<\/p>\n<h4>Suscribite al bolet\u00edn de informaci\u00f3n de pr\u00f3ximos cursos. Solo recibir\u00e1s informaci\u00f3n de las futuras fechas. TE RECOMENDAMOS QUE AGREGUES \u00c9STA DIRECCI\u00d3N A TUS CONTACTOS DE CORREO ELECTR\u00d3NICO contacto@pledu.com.ar. De ese modo los correos no te llegaran a spam, sociales, promociones, etc.<\/h4>\n<p>[\/vc_column_text][vc_raw_html]JTNDJTIxLS0lMjBCZWdpbiUyME1haWxDaGltcCUyMFNpZ251cCUyMEZvcm0lMjAtLSUzRSUwQSUzQ2xpbmslMjBocmVmJTNEJTIyJTJGJTJGY2RuLWltYWdlcy5tYWlsY2hpbXAuY29tJTJGZW1iZWRjb2RlJTJGY2xhc3NpYy0xMF83LmNzcyUyMiUyMHJlbCUzRCUyMnN0eWxlc2hlZXQlMjIlMjB0eXBlJTNEJTIydGV4dCUyRmNzcyUyMiUzRSUwQSUzQ3N0eWxlJTIwdHlwZSUzRCUyMnRleHQlMkZjc3MlMjIlM0UlMEElMDklMjNtY19lbWJlZF9zaWdudXAlN0JiYWNrZ3JvdW5kJTNBJTIzZmZmJTNCJTIwY2xlYXIlM0FsZWZ0JTNCJTIwZm9udCUzQTE0cHglMjBIZWx2ZXRpY2ElMkNBcmlhbCUyQ3NhbnMtc2VyaWYlM0IlMjAlN0QlMEElMDklMkYlMkElMjBBZGQlMjB5b3VyJTIwb3duJTIwTWFpbENoaW1wJTIwZm9ybSUyMHN0eWxlJTIwb3ZlcnJpZGVzJTIwaW4lMjB5b3VyJTIwc2l0ZSUyMHN0eWxlc2hlZXQlMjBvciUyMGluJTIwdGhpcyUyMHN0eWxlJTIwYmxvY2suJTBBJTA5JTIwJTIwJTIwV2UlMjByZWNvbW1lbmQlMjBtb3ZpbmclMjB0aGlzJTIwYmxvY2slMjBhbmQlMjB0aGUlMjBwcmVjZWRpbmclMjBDU1MlMjBsaW5rJTIwdG8lMjB0aGUlMjBIRUFEJTIwb2YlMjB5b3VyJTIwSFRNTCUyMGZpbGUuJTIwJTJBJTJGJTBBJTNDJTJGc3R5bGUlM0UlMEElM0NkaXYlMjBpZCUzRCUyMm1jX2VtYmVkX3NpZ251cCUyMiUzRSUwQSUzQ2Zvcm0lMjBhY3Rpb24lM0QlMjIlMkYlMkZmYWNlYm9vay51czEyLmxpc3QtbWFuYWdlLmNvbSUyRnN1YnNjcmliZSUyRnBvc3QlM0Z1JTNEOWI5YmMwYmJlYTI0ZmRhMTNkNDdhOGZjMCUyNmFtcCUzQmlkJTNENTY4ZjRhMDNiZiUyMiUyMG1ldGhvZCUzRCUyMnBvc3QlMjIlMjBpZCUzRCUyMm1jLWVtYmVkZGVkLXN1YnNjcmliZS1mb3JtJTIyJTIwbmFtZSUzRCUyMm1jLWVtYmVkZGVkLXN1YnNjcmliZS1mb3JtJTIyJTIwY2xhc3MlM0QlMjJ2YWxpZGF0ZSUyMiUyMHRhcmdldCUzRCUyMl9ibGFuayUyMiUyMG5vdmFsaWRhdGUlM0UlMEElMjAlMjAlMjAlMjAlM0NkaXYlMjBpZCUzRCUyMm1jX2VtYmVkX3NpZ251cF9zY3JvbGwlMjIlM0UlMEElMDklM0NoMiUzRVN1c2NyaWJpdGUlMjBwYXJhJTIwcmVjaWJpciUyMGluZm9ybWFjaSVDMyVCM24lM0MlMkZoMiUzRSUwQSUzQ2RpdiUyMGNsYXNzJTNEJTIyaW5kaWNhdGVzLXJlcXVpcmVkJTIyJTNFJTNDc3BhbiUyMGNsYXNzJTNEJTIyYXN0ZXJpc2slMjIlM0UlMkElM0MlMkZzcGFuJTNFJTIwaW5kaWNhdGVzJTIwcmVxdWlyZWQlM0MlMkZkaXYlM0UlMEElM0NkaXYlMjBjbGFzcyUzRCUyMm1jLWZpZWxkLWdyb3VwJTIyJTNFJTBBJTA5JTNDbGFiZWwlMjBmb3IlM0QlMjJtY2UtRU1BSUwlMjIlM0VDb3JyZW8lMjBlbGVjdHIlQzMlQjNuaWNvJTIwJTIwJTNDc3BhbiUyMGNsYXNzJTNEJTIyYXN0ZXJpc2slMjIlM0UlMkElM0MlMkZzcGFuJTNFJTBBJTNDJTJGbGFiZWwlM0UlMEElMDklM0NpbnB1dCUyMHR5cGUlM0QlMjJlbWFpbCUyMiUyMHZhbHVlJTNEJTIyJTIyJTIwbmFtZSUzRCUyMkVNQUlMJTIyJTIwY2xhc3MlM0QlMjJyZXF1aXJlZCUyMGVtYWlsJTIyJTIwaWQlM0QlMjJtY2UtRU1BSUwlMjIlM0UlMEElM0MlMkZkaXYlM0UlMEElM0NkaXYlMjBjbGFzcyUzRCUyMm1jLWZpZWxkLWdyb3VwJTIyJTNFJTBBJTA5JTNDbGFiZWwlMjBmb3IlM0QlMjJtY2UtRk5BTUUlMjIlM0VOb21icmUlMjAlMjAlM0NzcGFuJTIwY2xhc3MlM0QlMjJhc3RlcmlzayUyMiUzRSUyQSUzQyUyRnNwYW4lM0UlMEElM0MlMkZsYWJlbCUzRSUwQSUwOSUzQ2lucHV0JTIwdHlwZSUzRCUyMnRleHQlMjIlMjB2YWx1ZSUzRCUyMiUyMiUyMG5hbWUlM0QlMjJGTkFNRSUyMiUyMGNsYXNzJTNEJTIycmVxdWlyZWQlMjIlMjBpZCUzRCUyMm1jZS1GTkFNRSUyMiUzRSUwQSUzQyUyRmRpdiUzRSUwQSUzQ2RpdiUyMGNsYXNzJTNEJTIybWMtZmllbGQtZ3JvdXAlMjIlM0UlMEElMDklM0NsYWJlbCUyMGZvciUzRCUyMm1jZS1MTkFNRSUyMiUzRUFwZWxsaWRvJTIwJTIwJTNDc3BhbiUyMGNsYXNzJTNEJTIyYXN0ZXJpc2slMjIlM0UlMkElM0MlMkZzcGFuJTNFJTBBJTNDJTJGbGFiZWwlM0UlMEElMDklM0NpbnB1dCUyMHR5cGUlM0QlMjJ0ZXh0JTIyJTIwdmFsdWUlM0QlMjIlMjIlMjBuYW1lJTNEJTIyTE5BTUUlMjIlMjBjbGFzcyUzRCUyMnJlcXVpcmVkJTIyJTIwaWQlM0QlMjJtY2UtTE5BTUUlMjIlM0UlMEElM0MlMkZkaXYlM0UlMEElM0NkaXYlMjBjbGFzcyUzRCUyMm1jLWZpZWxkLWdyb3VwJTIyJTNFJTBBJTA5JTNDbGFiZWwlMjBmb3IlM0QlMjJtY2UtTU1FUkdFMyUyMiUzRUNpdWRhZCUyMCUzQyUyRmxhYmVsJTNFJTBBJTA5JTNDaW5wdXQlMjB0eXBlJTNEJTIydGV4dCUyMiUyMHZhbHVlJTNEJTIyJTIyJTIwbmFtZSUzRCUyMk1NRVJHRTMlMjIlMjBjbGFzcyUzRCUyMiUyMiUyMGlkJTNEJTIybWNlLU1NRVJHRTMlMjIlM0UlMEElM0MlMkZkaXYlM0UlMEElM0NkaXYlMjBjbGFzcyUzRCUyMm1jLWZpZWxkLWdyb3VwJTIyJTNFJTBBJTA5JTNDbGFiZWwlMjBmb3IlM0QlMjJtY2UtTU1FUkdFNCUyMiUzRVByb3ZpbmNpYSUyMCUyMCUzQ3NwYW4lMjBjbGFzcyUzRCUyMmFzdGVyaXNrJTIyJTNFJTJBJTNDJTJGc3BhbiUzRSUwQSUzQyUyRmxhYmVsJTNFJTBBJTA5JTNDaW5wdXQlMjB0eXBlJTNEJTIydGV4dCUyMiUyMHZhbHVlJTNEJTIyJTIyJTIwbmFtZSUzRCUyMk1NRVJHRTQlMjIlMjBjbGFzcyUzRCUyMnJlcXVpcmVkJTIyJTIwaWQlM0QlMjJtY2UtTU1FUkdFNCUyMiUzRSUwQSUzQyUyRmRpdiUzRSUwQSUwOSUzQ2RpdiUyMGlkJTNEJTIybWNlLXJlc3BvbnNlcyUyMiUyMGNsYXNzJTNEJTIyY2xlYXIlMjIlM0UlMEElMDklMDklM0NkaXYlMjBjbGFzcyUzRCUyMnJlc3BvbnNlJTIyJTIwaWQlM0QlMjJtY2UtZXJyb3ItcmVzcG9uc2UlMjIlMjBzdHlsZSUzRCUyMmRpc3BsYXklM0Fub25lJTIyJTNFJTNDJTJGZGl2JTNFJTBBJTA5JTA5JTNDZGl2JTIwY2xhc3MlM0QlMjJyZXNwb25zZSUyMiUyMGlkJTNEJTIybWNlLXN1Y2Nlc3MtcmVzcG9uc2UlMjIlMjBzdHlsZSUzRCUyMmRpc3BsYXklM0Fub25lJTIyJTNFJTNDJTJGZGl2JTNFJTBBJTA5JTNDJTJGZGl2JTNFJTIwJTIwJTIwJTIwJTNDJTIxLS0lMjByZWFsJTIwcGVvcGxlJTIwc2hvdWxkJTIwbm90JTIwZmlsbCUyMHRoaXMlMjBpbiUyMGFuZCUyMGV4cGVjdCUyMGdvb2QlMjB0aGluZ3MlMjAtJTIwZG8lMjBub3QlMjByZW1vdmUlMjB0aGlzJTIwb3IlMjByaXNrJTIwZm9ybSUyMGJvdCUyMHNpZ251cHMtLSUzRSUwQSUyMCUyMCUyMCUyMCUzQ2RpdiUyMHN0eWxlJTNEJTIycG9zaXRpb24lM0ElMjBhYnNvbHV0ZSUzQiUyMGxlZnQlM0ElMjAtNTAwMHB4JTNCJTIyJTIwYXJpYS1oaWRkZW4lM0QlMjJ0cnVlJTIyJTNFJTNDaW5wdXQlMjB0eXBlJTNEJTIydGV4dCUyMiUyMG5hbWUlM0QlMjJiXzliOWJjMGJiZWEyNGZkYTEzZDQ3YThmYzBfNTY4ZjRhMDNiZiUyMiUyMHRhYmluZGV4JTNEJTIyLTElMjIlMjB2YWx1ZSUzRCUyMiUyMiUzRSUzQyUyRmRpdiUzRSUwQSUyMCUyMCUyMCUyMCUzQ2RpdiUyMGNsYXNzJTNEJTIyY2xlYXIlMjIlM0UlM0NpbnB1dCUyMHR5cGUlM0QlMjJzdWJtaXQlMjIlMjB2YWx1ZSUzRCUyMlN1YnNjcmliZSUyMiUyMG5hbWUlM0QlMjJzdWJzY3JpYmUlMjIlMjBpZCUzRCUyMm1jLWVtYmVkZGVkLXN1YnNjcmliZSUyMiUyMGNsYXNzJTNEJTIyYnV0dG9uJTIyJTNFJTNDJTJGZGl2JTNFJTBBJTIwJTIwJTIwJTIwJTNDJTJGZGl2JTNFJTBBJTNDJTJGZm9ybSUzRSUwQSUzQyUyRmRpdiUzRSUwQSUzQ3NjcmlwdCUyMHR5cGUlM0QlMjd0ZXh0JTJGamF2YXNjcmlwdCUyNyUyMHNyYyUzRCUyNyUyRiUyRnMzLmFtYXpvbmF3cy5jb20lMkZkb3dubG9hZHMubWFpbGNoaW1wLmNvbSUyRmpzJTJGbWMtdmFsaWRhdGUuanMlMjclM0UlM0MlMkZzY3JpcHQlM0UlM0NzY3JpcHQlMjB0eXBlJTNEJTI3dGV4dCUyRmphdmFzY3JpcHQlMjclM0UlMjhmdW5jdGlvbiUyOCUyNCUyOSUyMCU3QndpbmRvdy5mbmFtZXMlMjAlM0QlMjBuZXclMjBBcnJheSUyOCUyOSUzQiUyMHdpbmRvdy5mdHlwZXMlMjAlM0QlMjBuZXclMjBBcnJheSUyOCUyOSUzQmZuYW1lcyU1QjAlNUQlM0QlMjdFTUFJTCUyNyUzQmZ0eXBlcyU1QjAlNUQlM0QlMjdlbWFpbCUyNyUzQmZuYW1lcyU1QjElNUQlM0QlMjdGTkFNRSUyNyUzQmZ0eXBlcyU1QjElNUQlM0QlMjd0ZXh0JTI3JTNCZm5hbWVzJTVCMiU1RCUzRCUyN0xOQU1FJTI3JTNCZnR5cGVzJTVCMiU1RCUzRCUyN3RleHQlMjclM0JmbmFtZXMlNUIzJTVEJTNEJTI3TU1FUkdFMyUyNyUzQmZ0eXBlcyU1QjMlNUQlM0QlMjd0ZXh0JTI3JTNCZm5hbWVzJTVCNCU1RCUzRCUyN01NRVJHRTQlMjclM0JmdHlwZXMlNUI0JTVEJTNEJTI3dGV4dCUyNyUzQiUyMCUyRiUyQSUwQSUyMCUyQSUyMFRyYW5zbGF0ZWQlMjBkZWZhdWx0JTIwbWVzc2FnZXMlMjBmb3IlMjB0aGUlMjAlMjQlMjB2YWxpZGF0aW9uJTIwcGx1Z2luLiUwQSUyMCUyQSUyMExvY2FsZSUzQSUyMEVTJTBBJTIwJTJBJTJGJTBBJTI0LmV4dGVuZCUyOCUyNC52YWxpZGF0b3IubWVzc2FnZXMlMkMlMjAlN0IlMEElMjAlMjByZXF1aXJlZCUzQSUyMCUyMkVzdGUlMjBjYW1wbyUyMGVzJTIwb2JsaWdhdG9yaW8uJTIyJTJDJTBBJTIwJTIwcmVtb3RlJTNBJTIwJTIyUG9yJTIwZmF2b3IlMkMlMjByZWxsZW5hJTIwZXN0ZSUyMGNhbXBvLiUyMiUyQyUwQSUyMCUyMGVtYWlsJTNBJTIwJTIyUG9yJTIwZmF2b3IlMkMlMjBlc2NyaWJlJTIwdW5hJTIwZGlyZWNjaSVDMyVCM24lMjBkZSUyMGNvcnJlbyUyMHYlQzMlQTFsaWRhJTIyJTJDJTBBJTIwJTIwdXJsJTNBJTIwJTIyUG9yJTIwZmF2b3IlMkMlMjBlc2NyaWJlJTIwdW5hJTIwVVJMJTIwdiVDMyVBMWxpZGEuJTIyJTJDJTBBJTIwJTIwZGF0ZSUzQSUyMCUyMlBvciUyMGZhdm9yJTJDJTIwZXNjcmliZSUyMHVuYSUyMGZlY2hhJTIwdiVDMyVBMWxpZGEuJTIyJTJDJTBBJTIwJTIwZGF0ZUlTTyUzQSUyMCUyMlBvciUyMGZhdm9yJTJDJTIwZXNjcmliZSUyMHVuYSUyMGZlY2hhJTIwJTI4SVNPJTI5JTIwdiVDMyVBMWxpZGEuJTIyJTJDJTBBJTIwJTIwbnVtYmVyJTNBJTIwJTIyUG9yJTIwZmF2b3IlMkMlMjBlc2NyaWJlJTIwdW4lMjBuJUMzJUJBbWVybyUyMGVudGVybyUyMHYlQzMlQTFsaWRvLiUyMiUyQyUwQSUyMCUyMGRpZ2l0cyUzQSUyMCUyMlBvciUyMGZhdm9yJTJDJTIwZXNjcmliZSUyMHMlQzMlQjNsbyUyMGQlQzMlQURnaXRvcy4lMjIlMkMlMEElMjAlMjBjcmVkaXRjYXJkJTNBJTIwJTIyUG9yJTIwZmF2b3IlMkMlMjBlc2NyaWJlJTIwdW4lMjBuJUMzJUJBbWVybyUyMGRlJTIwdGFyamV0YSUyMHYlQzMlQTFsaWRvLiUyMiUyQyUwQSUyMCUyMGVxdWFsVG8lM0ElMjAlMjJQb3IlMjBmYXZvciUyQyUyMGVzY3JpYmUlMjBlbCUyMG1pc21vJTIwdmFsb3IlMjBkZSUyMG51ZXZvLiUyMiUyQyUwQSUyMCUyMGFjY2VwdCUzQSUyMCUyMlBvciUyMGZhdm9yJTJDJTIwZXNjcmliZSUyMHVuJTIwdmFsb3IlMjBjb24lMjB1bmElMjBleHRlbnNpJUMzJUIzbiUyMGFjZXB0YWRhLiUyMiUyQyUwQSUyMCUyMG1heGxlbmd0aCUzQSUyMCUyNC52YWxpZGF0b3IuZm9ybWF0JTI4JTIyUG9yJTIwZmF2b3IlMkMlMjBubyUyMGVzY3JpYmFzJTIwbSVDMyVBMXMlMjBkZSUyMCU3QjAlN0QlMjBjYXJhY3RlcmVzLiUyMiUyOSUyQyUwQSUyMCUyMG1pbmxlbmd0aCUzQSUyMCUyNC52YWxpZGF0b3IuZm9ybWF0JTI4JTIyUG9yJTIwZmF2b3IlMkMlMjBubyUyMGVzY3JpYmFzJTIwbWVub3MlMjBkZSUyMCU3QjAlN0QlMjBjYXJhY3RlcmVzLiUyMiUyOSUyQyUwQSUyMCUyMHJhbmdlbGVuZ3RoJTNBJTIwJTI0LnZhbGlkYXRvci5mb3JtYXQlMjglMjJQb3IlMjBmYXZvciUyQyUyMGVzY3JpYmUlMjB1biUyMHZhbG9yJTIwZW50cmUlMjAlN0IwJTdEJTIweSUyMCU3QjElN0QlMjBjYXJhY3RlcmVzLiUyMiUyOSUyQyUwQSUyMCUyMHJhbmdlJTNBJTIwJTI0LnZhbGlkYXRvci5mb3JtYXQlMjglMjJQb3IlMjBmYXZvciUyQyUyMGVzY3JpYmUlMjB1biUyMHZhbG9yJTIwZW50cmUlMjAlN0IwJTdEJTIweSUyMCU3QjElN0QuJTIyJTI5JTJDJTBBJTIwJTIwbWF4JTNBJTIwJTI0LnZhbGlkYXRvci5mb3JtYXQlMjglMjJQb3IlMjBmYXZvciUyQyUyMGVzY3JpYmUlMjB1biUyMHZhbG9yJTIwbWVub3IlMjBvJTIwaWd1YWwlMjBhJTIwJTdCMCU3RC4lMjIlMjklMkMlMEElMjAlMjBtaW4lM0ElMjAlMjQudmFsaWRhdG9yLmZvcm1hdCUyOCUyMlBvciUyMGZhdm9yJTJDJTIwZXNjcmliZSUyMHVuJTIwdmFsb3IlMjBtYXlvciUyMG8lMjBpZ3VhbCUyMGElMjAlN0IwJTdELiUyMiUyOSUwQSU3RCUyOSUzQiU3RCUyOGpRdWVyeSUyOSUyOSUzQnZhciUyMCUyNG1jaiUyMCUzRCUyMGpRdWVyeS5ub0NvbmZsaWN0JTI4dHJ1ZSUyOSUzQiUzQyUyRnNjcmlwdCUzRSUwQSUzQyUyMS0tRW5kJTIwbWNfZW1iZWRfc2lnbnVwLS0lM0U=[\/vc_raw_html][\/vc_column][\/vc_row]<\/p>\n","protected":false},"excerpt":{"rendered":"<p>[vc_row content_width=\u00bbgrid\u00bb content_aligment=\u00bbcenter\u00bb css=\u00bb.vc_custom_1445509827249{padding-top: 57px !important;padding-bottom: 66px !important;}\u00bb][vc_column][vc_empty_space height=\u00bb20px\u00bb][vc_column_text css=\u00bb.vc_custom_1489593282340{padding-right: 16% !important;padding-left: 16% !important;}\u00bb] Suscribite al bolet\u00edn de informaci\u00f3n de pr\u00f3ximos cursos. Solo recibir\u00e1s informaci\u00f3n de las futuras fechas. TE RECOMENDAMOS QUE AGREGUES \u00c9STA DIRECCI\u00d3N A TUS CONTACTOS DE CORREO ELECTR\u00d3NICO contacto@pledu.com.ar. De ese modo&#8230;<\/p>\n","protected":false},"author":3,"featured_media":0,"parent":0,"menu_order":0,"comment_status":"closed","ping_status":"closed","template":"full-width.php","meta":{"footnotes":""},"class_list":["post-4573","page","type-page","status-publish","hentry"],"aioseo_notices":[],"_links":{"self":[{"href":"https:\/\/pledu.com.ar\/sitio\/wp-json\/wp\/v2\/pages\/4573","targetHints":{"allow":["GET"]}}],"collection":[{"href":"https:\/\/pledu.com.ar\/sitio\/wp-json\/wp\/v2\/pages"}],"about":[{"href":"https:\/\/pledu.com.ar\/sitio\/wp-json\/wp\/v2\/types\/page"}],"author":[{"embeddable":true,"href":"https:\/\/pledu.com.ar\/sitio\/wp-json\/wp\/v2\/users\/3"}],"replies":[{"embeddable":true,"href":"https:\/\/pledu.com.ar\/sitio\/wp-json\/wp\/v2\/comments?post=4573"}],"version-history":[{"count":4,"href":"https:\/\/pledu.com.ar\/sitio\/wp-json\/wp\/v2\/pages\/4573\/revisions"}],"predecessor-version":[{"id":5149,"href":"https:\/\/pledu.com.ar\/sitio\/wp-json\/wp\/v2\/pages\/4573\/revisions\/5149"}],"wp:attachment":[{"href":"https:\/\/pledu.com.ar\/sitio\/wp-json\/wp\/v2\/media?parent=4573"}],"curies":[{"name":"wp","href":"https:\/\/api.w.org\/{rel}","templated":true}]}}