{"id":4747,"date":"2016-10-03T22:04:12","date_gmt":"2016-10-04T01:04:12","guid":{"rendered":"https:\/\/pledu.com.ar\/sitio\/?page_id=4747"},"modified":"2016-10-03T22:08:55","modified_gmt":"2016-10-04T01:08:55","slug":"dist-temario-detallado-eys","status":"publish","type":"page","link":"https:\/\/pledu.com.ar\/sitio\/dist-temario-detallado-eys\/","title":{"rendered":"Temario Detallado EyS"},"content":{"rendered":"<p>[vc_row content_width=\u00bbgrid\u00bb content_aligment=\u00bbcenter\u00bb css=\u00bb.vc_custom_1446195467277{padding-top: 65px !important;padding-bottom: 15px !important;}\u00bb][vc_column offset=\u00bbvc_col-lg-offset-2 vc_col-lg-8&#8243;][vc_column_text]<\/p>\n<h2>Energ\u00eda y Sociedad<\/h2>\n<h3><\/h3>\n<p>[\/vc_column_text][vc_empty_space][vc_column_text]<\/p>\n<h3 style=\"text-align: center;\">Temario detallado<\/h3>\n<p>[\/vc_column_text][vc_empty_space height=\u00bb16&#8243;]<div class=\"qodef-separator-holder clearfix  qodef-separator-center qodef-separator-full-width\">\r\n\t<div class=\"qodef-separator\" style=\"border-width: 5px\"><\/div>\r\n<\/div>\r\n[\/vc_column][\/vc_row][vc_row content_width=\u00bbgrid\u00bb css=\u00bb.vc_custom_1471557864909{padding-top: 65px !important;padding-bottom: 15px !important;}\u00bb][vc_column offset=\u00bbvc_col-lg-offset-2 vc_col-lg-8&#8243;][vc_column_text]<\/p>\n<p style=\"text-align: left;\"><span style=\"color: #000000;\"><strong>Unidad 0: DIntroducci\u00f3n<\/strong><\/span><\/p>\n<p style=\"text-align: left;\"><em>Se realiza un encuadre de la situaci\u00f3n energ\u00e9tica en el marco de las pol\u00edticas de desarrollo en Am\u00e9rica Latina. Se ubica el rol de las pol\u00edticas energ\u00e9ticas y los conflictos que \u00e9stas generan en el \u00e1rea ambiental, social, econ\u00f3mica y pol\u00edtica.<\/em><\/p>\n<p>[\/vc_column_text][vc_empty_space][vc_column_text]<\/p>\n<p style=\"text-align: left;\"><span style=\"color: #000000;\"><strong>Unidad 1:\u00a0\u00bfQu\u00e9 es la energ\u00eda?<\/strong><\/span><\/p>\n<p style=\"text-align: left;\"><em>A partir de los conceptos b\u00e1sicos y cl\u00e1sicos que la F\u00edsica provee se analizan las ideas de transformaci\u00f3n de la energ\u00eda, rendimiento, emerg\u00eda, principio de conservaci\u00f3n, etc. Se realiza una clasificaci\u00f3n de la energ\u00eda, describiendo sus fuentes primarias y formas de trasformaci\u00f3n, analizando y definiendo en cada caso causas de insustentabilidad .<\/em><\/p>\n<p>[\/vc_column_text][vc_empty_space][vc_column_text]<\/p>\n<p style=\"text-align: left;\"><span style=\"color: #000000;\"><strong>Unidad 2:\u00a0Situaci\u00f3n energ\u00e9tica<\/strong><\/span><\/p>\n<p style=\"text-align: left;\"><em>Se analiza como son las matrices de consumo y generaci\u00f3n de energ\u00eda. Estas se enmarcan en los escenarios de crisis energ\u00e9tica y crisis medioambientales, vinculando de esta forma cuestiones relacionadas con el acceso a la energ\u00eda. Se brindan herramientas para la comprensi\u00f3n de los cap\u00edtulos subsiguientes. .<\/em><\/p>\n<p>[\/vc_column_text][vc_empty_space][vc_column_text]<\/p>\n<p style=\"text-align: left;\"><span style=\"color: #000000;\"><strong>Unidad 3:\u00a0Energ\u00eda y derechos<\/strong><\/span><\/p>\n<p style=\"text-align: left;\"><em>Este capitulo introduce al derecho como una herramienta de emancipaci\u00f3n y a la vez hace un recorrido por el marco jur\u00eddico internacional que resguarda el acceso a la energ\u00eda. Asimismo, invita a pensar en la construcci\u00f3n del derecho a la soberan\u00eda energ\u00e9tica.\u00a0<\/em><\/p>\n<p>[\/vc_column_text][vc_empty_space][vc_column_text]<\/p>\n<p style=\"text-align: left;\"><span style=\"color: #000000;\"><strong>Unidad 4:\u00a0Energ\u00eda y Pobreza<\/strong><\/span><\/p>\n<p style=\"text-align: left;\"><em>A partir de definir que entendemos por pobreza(s) y que relaci\u00f3n establecemos con la ausencia de energ\u00eda, el presente capitulo muestra los impactos hacia las comunidades que no acceden en forma segura y constante a la misma. Hace un especial hincapi\u00e9 entre la pobreza energ\u00e9tica y las mujeres.\u00a0<\/em><\/p>\n<p>[\/vc_column_text][vc_empty_space][\/vc_column][\/vc_row][vc_row content_width=\u00bbgrid\u00bb content_aligment=\u00bbcenter\u00bb][vc_column width=\u00bb1\/3&#8243;]<a href=\"https:\/\/pledu.com.ar\/sitio\/dist-energiaysociedad\/\" target=\"_self\" style=\"color: #ff9933;border-color: #ff9933\" class=\"qodef-btn qodef-btn-large qodef-btn-default qodef-btn-icon\"  >\n        <span class=\"qodef-btn-text\">volver<\/span>\n    <span class=\"qodef-btn-text-icon\"><i class=\"qodef-icon-simple-line-icon icon-arrow-right-circle \" ><\/i><\/span>\n<\/a>[\/vc_column][vc_column width=\u00bb1\/3&#8243;]<a href=\"#\" target=\"_self\" style=\"color: #ff9933;border-color: #ff9933\" class=\"qodef-btn qodef-btn-large qodef-btn-default qodef-btn-icon\"  >\n        <span class=\"qodef-btn-text\">consulta<\/span>\n    <span class=\"qodef-btn-text-icon\"><i class=\"qodef-icon-simple-line-icon icon-question \" ><\/i><\/span>\n<\/a>[\/vc_column][vc_column width=\u00bb1\/3&#8243;]<a href=\"#\" target=\"_self\" style=\"color: #ff9933;border-color: #ff9933\" class=\"qodef-btn qodef-btn-large qodef-btn-default qodef-btn-icon\"  >\n        <span class=\"qodef-btn-text\">inscribirse<\/span>\n    <span class=\"qodef-btn-text-icon\"><i class=\"qodef-icon-simple-line-icon icon-pencil \" ><\/i><\/span>\n<\/a>[\/vc_column][\/vc_row][vc_row][vc_column][vc_empty_space][\/vc_column][\/vc_row]<\/p>\n","protected":false},"excerpt":{"rendered":"<p>[vc_row content_width=\u00bbgrid\u00bb content_aligment=\u00bbcenter\u00bb css=\u00bb.vc_custom_1446195467277{padding-top: 65px !important;padding-bottom: 15px !important;}\u00bb][vc_column offset=\u00bbvc_col-lg-offset-2 vc_col-lg-8&#8243;][vc_column_text] Energ\u00eda y Sociedad [\/vc_column_text][vc_empty_space][vc_column_text] Temario detallado [\/vc_column_text][vc_empty_space height=\u00bb16&#8243;][\/vc_column][\/vc_row][vc_row content_width=\u00bbgrid\u00bb css=\u00bb.vc_custom_1471557864909{padding-top: 65px !important;padding-bottom: 15px !important;}\u00bb][vc_column offset=\u00bbvc_col-lg-offset-2 vc_col-lg-8&#8243;][vc_column_text] Unidad 0: DIntroducci\u00f3n Se realiza un encuadre de la situaci\u00f3n energ\u00e9tica en el marco de las pol\u00edticas de desarrollo&#8230;<\/p>\n","protected":false},"author":3,"featured_media":0,"parent":0,"menu_order":0,"comment_status":"closed","ping_status":"closed","template":"full-width.php","meta":{"footnotes":""},"class_list":["post-4747","page","type-page","status-publish","hentry"],"aioseo_notices":[],"_links":{"self":[{"href":"https:\/\/pledu.com.ar\/sitio\/wp-json\/wp\/v2\/pages\/4747","targetHints":{"allow":["GET"]}}],"collection":[{"href":"https:\/\/pledu.com.ar\/sitio\/wp-json\/wp\/v2\/pages"}],"about":[{"href":"https:\/\/pledu.com.ar\/sitio\/wp-json\/wp\/v2\/types\/page"}],"author":[{"embeddable":true,"href":"https:\/\/pledu.com.ar\/sitio\/wp-json\/wp\/v2\/users\/3"}],"replies":[{"embeddable":true,"href":"https:\/\/pledu.com.ar\/sitio\/wp-json\/wp\/v2\/comments?post=4747"}],"version-history":[{"count":3,"href":"https:\/\/pledu.com.ar\/sitio\/wp-json\/wp\/v2\/pages\/4747\/revisions"}],"predecessor-version":[{"id":4753,"href":"https:\/\/pledu.com.ar\/sitio\/wp-json\/wp\/v2\/pages\/4747\/revisions\/4753"}],"wp:attachment":[{"href":"https:\/\/pledu.com.ar\/sitio\/wp-json\/wp\/v2\/media?parent=4747"}],"curies":[{"name":"wp","href":"https:\/\/api.w.org\/{rel}","templated":true}]}}

<p>[vc_row content_width=»grid» content_aligment=»center» css=».vc_custom_1446195467277{padding-top: 65px !important;padding-bottom: 15px !important;}»][vc_column offset=»vc_col-lg-offset-2 vc_col-lg-8&#8243;][vc_column_text]</p>
<h2>Energía y Sociedad</h2>
<h3></h3>
<p>[/vc_column_text][vc_empty_space][vc_column_text]</p>
<h3 style="text-align: center;">Temario detallado</h3>
<p>[/vc_column_text][vc_empty_space height=»16&#8243;]<div class="qodef-separator-holder clearfix  qodef-separator-center qodef-separator-full-width">
	<div class="qodef-separator" style="border-width: 5px"></div>
</div>
[/vc_column][/vc_row][vc_row content_width=»grid» css=».vc_custom_1471557864909{padding-top: 65px !important;padding-bottom: 15px !important;}»][vc_column offset=»vc_col-lg-offset-2 vc_col-lg-8&#8243;][vc_column_text]</p>
<p style="text-align: left;"><span style="color: #000000;"><strong>Unidad 0: DIntroducción</strong></span></p>
<p style="text-align: left;"><em>Se realiza un encuadre de la situación energética en el marco de las políticas de desarrollo en América Latina. Se ubica el rol de las políticas energéticas y los conflictos que éstas generan en el área ambiental, social, económica y política.</em></p>
<p>[/vc_column_text][vc_empty_space][vc_column_text]</p>
<p style="text-align: left;"><span style="color: #000000;"><strong>Unidad 1: ¿Qué es la energía?</strong></span></p>
<p style="text-align: left;"><em>A partir de los conceptos básicos y clásicos que la Física provee se analizan las ideas de transformación de la energía, rendimiento, emergía, principio de conservación, etc. Se realiza una clasificación de la energía, describiendo sus fuentes primarias y formas de trasformación, analizando y definiendo en cada caso causas de insustentabilidad .</em></p>
<p>[/vc_column_text][vc_empty_space][vc_column_text]</p>
<p style="text-align: left;"><span style="color: #000000;"><strong>Unidad 2: Situación energética</strong></span></p>
<p style="text-align: left;"><em>Se analiza como son las matrices de consumo y generación de energía. Estas se enmarcan en los escenarios de crisis energética y crisis medioambientales, vinculando de esta forma cuestiones relacionadas con el acceso a la energía. Se brindan herramientas para la comprensión de los capítulos subsiguientes. .</em></p>
<p>[/vc_column_text][vc_empty_space][vc_column_text]</p>
<p style="text-align: left;"><span style="color: #000000;"><strong>Unidad 3: Energía y derechos</strong></span></p>
<p style="text-align: left;"><em>Este capitulo introduce al derecho como una herramienta de emancipación y a la vez hace un recorrido por el marco jurídico internacional que resguarda el acceso a la energía. Asimismo, invita a pensar en la construcción del derecho a la soberanía energética. </em></p>
<p>[/vc_column_text][vc_empty_space][vc_column_text]</p>
<p style="text-align: left;"><span style="color: #000000;"><strong>Unidad 4: Energía y Pobreza</strong></span></p>
<p style="text-align: left;"><em>A partir de definir que entendemos por pobreza(s) y que relación establecemos con la ausencia de energía, el presente capitulo muestra los impactos hacia las comunidades que no acceden en forma segura y constante a la misma. Hace un especial hincapié entre la pobreza energética y las mujeres. </em></p>
<p>[/vc_column_text][vc_empty_space][/vc_column][/vc_row][vc_row content_width=»grid» content_aligment=»center»][vc_column width=»1/3&#8243;]<a href="https://pledu.com.ar/sitio/dist-energiaysociedad/" target="_self" style="color: #ff9933;border-color: #ff9933" class="qodef-btn qodef-btn-large qodef-btn-default qodef-btn-icon"  >
        <span class="qodef-btn-text">volver</span>
    <span class="qodef-btn-text-icon"><i class="qodef-icon-simple-line-icon icon-arrow-right-circle " ></i></span>
</a>[/vc_column][vc_column width=»1/3&#8243;]<a href="#" target="_self" style="color: #ff9933;border-color: #ff9933" class="qodef-btn qodef-btn-large qodef-btn-default qodef-btn-icon"  >
        <span class="qodef-btn-text">consulta</span>
    <span class="qodef-btn-text-icon"><i class="qodef-icon-simple-line-icon icon-question " ></i></span>
</a>[/vc_column][vc_column width=»1/3&#8243;]<a href="#" target="_self" style="color: #ff9933;border-color: #ff9933" class="qodef-btn qodef-btn-large qodef-btn-default qodef-btn-icon"  >
        <span class="qodef-btn-text">inscribirse</span>
    <span class="qodef-btn-text-icon"><i class="qodef-icon-simple-line-icon icon-pencil " ></i></span>
</a>[/vc_column][/vc_row][vc_row][vc_column][vc_empty_space][/vc_column][/vc_row]</p>

<p>[vc_row content_width=»grid» content_aligment=»center» css=».vc_custom_1446195467277{padding-top: 65px !important;padding-bottom: 15px !important;}»][vc_column offset=»vc_col-lg-offset-2 vc_col-lg-8&#8243;][vc_column_text] Energía y Sociedad [/vc_column_text][vc_empty_space][vc_column_text] Temario detallado [/vc_column_text][vc_empty_space height=»16&#8243;][/vc_column][/vc_row][vc_row content_width=»grid» css=».vc_custom_1471557864909{padding-top: 65px !important;padding-bottom: 15px !important;}»][vc_column offset=»vc_col-lg-offset-2 vc_col-lg-8&#8243;][vc_column_text] Unidad 0: DIntroducción Se realiza un encuadre de la situación energética en el marco de las políticas de desarrollo&#8230;</p>
